3 - 0) + 2.
-3
What is the value of -1 + 6 + (1 - 12)?
-6
Calculate 11 - (0 + 3 + (6 - 5)).
7
What is the value of 6 + -2 + (-6 - -4)?
2
Calculate -6 + (-2 + 3 - -1).
-4
What is the value of (0 + -2 - -4) + 1?
3
What is 36 - 37 - (-1 - (1 + -5))?
-4
Calculate -6 + (-4 + -5 - -6).
-9
Evaluate -2 - -5 - (8 - 2).
-3
What is 5 - (9 + -8 + 12)?
-8
What is 1 + -4 + -4 + 5?
-2
What is the value of -6 + (10 - 6) - -6?
4
Calculate -7 + 0 - -2 - -8.
3
Evaluate -6 + 11 - (1 + 1).
3
2 + -2 + -2 + -2
-4
Calculate 5 + 2 + -3 + -3.
1
Evaluate -1 + -2 + 4 + -5.
-4
Evaluate -1 + -2 - (-30 - -26).
1
What is 0 - 2 - (-1 - 5)?
4
What is -15 + -6 + 12 - -5?
-4
(4 - -1) + (4 - 23 - -21)
7
Evaluate 1 - (4 - 2) - (-29 + 23).
5
Calculate -1 - (-2 + 1) - (22 + -21).
-1
2 + 0 + 0 + (-2 - -5)
5
Evaluate (-3 - 2) + 6 + -5.
-4
What is the value of (-7 - (-2 - 2)) + 3 + 0?
0
What is (3 - -3 - 2) + 4 - 3?
5
-1 - (-4 + 0) - -2
5
What is -2 - -9 - (-73 + 79)?
1
What is the value of 3 - (6 - 7) - 5?
-1
What is the value of 5 - (-12 - -10 - -14)?
-7
14 - (-2 - -6) - (0 - -3)
7
What is 8 + -6 + (2 - 2) - 3?
-1
What is 2 - ((19 - 20) + (0 - 1))?
4
(57 - 49) + 3 + -3
8
What is (1 - -1) + (54 - 51)?
5
Evaluate -3 - (2 - (-2 + 9)).
2
Evaluate (-6 + 2 - 0) + (-71 - -75).
0
Evaluate -1 + 2 + -6 + -8 + 13.
0
Calculate (1 - 3) + 10 + (14 - 20).
2
Evaluate (-4 - -6 - 5) + 6.
3
-4 - (-4 - 0 - -5)
-5
Evaluate 9 + -3 + -16 + 4.
-6
What is the value of 11 + 1 + (0 - (5 - 0))?
7
0 + 2 - (5 + 0 + -2)
-1
Calculate -4 - (-6 + 0 + -3).
5
Evaluate -2 - (0 - (-4 + 7)).
1
Evaluate -1 - (7 + -13 - -3).
2
-4 - (-5 - 4) - (9 - -1)
-5
What is 2 + 1 + 4 + -4?
3
Calculate 7 + -3 + (-4 - -2).
2
What is the value of -6 - (-7 + 7 - (-3 - -1))?
-8
Evaluate 1 + (-8 - -7) - (0 - 0).
0
(-1 - 1) + 89 + -80
7
What is the value of 3 - (-11 + 9) - -3?
8
Evaluate -9 + (2 - (-8 - 7)).
8
What is the value of 0 + 0 - -1 - (11 + -7)?
-3
1 + (6 - (19 + -10))
-2
What is 0 - 3 - (-6 - -4 - -3)?
-4
55 + -59 + 0 + 9
5
What is the value of 4 + -6 + (-6 - (-1 + -9))?
2
Evaluate 4 + (-2 - (3 - 2)) + 2.
3
11 + (0 - 8) + (-14 - -3)
-8
What is the value of -20 + 7 - -25 - 20?
-8
What is 10 - (0 + -6 - -21)?
-5
What is -1 + -4 + -4 + 4?
-5
What is the value of 3 + (4 - ((5 - 5) + 1))?
6
Evaluate (3 - -2) + -4 - (4 - 1).
-2
What is the value of -4 + 12 + 3 + -11?
0
What is 0 + 1 - (9 - 7 - 6)?
5
Calculate 3 - (-19 - -13) - -1.
10
Evaluate (-2 - 1) + (6 - 3).
0
What is the value of (-4 - -14 - 2) + -4 - 9?
-5
What is the value of (8 - 15) + 10 + -2 + -1?
0
What is the value of 10 - (16 + 2 - 8)?
0
What is -3 + 4 - 0 - 1?
0
Calculate 0 + (-4 - -2) + 4.
2
What is 0 + -1 - (13 - (12 + -2))?
-4
What is -4 + 1 + 1 - (6 + -5)?
-3
8 - (16 - (2 - -7))
1
Evaluate 4 - (3 - (6 + -4)).
3
What is the value of 0 + 5 - (-4 - -4)?
5
What is (3 - -7) + (1 - 5)?
6
What is -10 + 5 - -6 - 7?
-6
What is the value of 3 + (4 - 5) + -5?
-3
What is -3 + 0 - (-6 - -8)?
-5
0 - ((-6 - -7 - -3) + 2)
-6
What is 7 + (-14 - -10) + (-14 - -2)?
-9
What is -22 + 22 - (0 - -2)?
-2
What is (1 - 0) + 0 - (16 - 21)?
6
Evaluate 0 - (-20 + 28 + -3 + -1).
-4
Calculate 5 - 3 - (-6 + 13).
-5
(-3 - (1 - -1)) + 1
-4
What is -5 + 4 - (-8 - -8 - -4)?
-5
-14 + 1 + -8 + 14
-7
What is the value of -1 - -3 - (1 + 6)?
-5
-10 + (-4 - -12) + -7 + 1
-8
What is the value of (7 - (8 - 1)) + -2?
-2
Evaluate 6 + -11 + (-5 - -10).
0
-6 + 0 - (4 + -10)
0
(-10 - -20) + -16 + 0 + 4
-2
(2 + 3 + -4 - 3) + 2
0
Calculate -3 + 0 - (5 + -6).
-2
What is (5 - 8) + -1 + 8?
4
Evaluate -2 + 1 + 7 + -5 + -1.
0
What is the value of -10 + 0 + 21 + (12 - 26)?
-3
What is the value of 24 + -31 - (-2 - -1)?
-6
Calculate 4 + -1 - (5 - 2) - -1.
1
What is the value of -9 + (-30 + 31 - (0 + -1))?
-7
What is the value of 2 - -1 - 2 - (9 - 7)?
-1
Calculate 0 + (1 - 3) + -1 - 0.
-3
What is (9 - 3) + -1 + -2?
3
-12 + (15 - (-10 - -13))
0
Calculate 0 + 4 - (-3 + 10).
-3
Calculate -4 + -3 + 8 - 2.
-1
What is (-1 - (-6 + 8)) + 5?
2
0 - 3 - (-7 - -8)
-4
What is 1 + -1 + -3 + 3?
0
Evaluate 9 - 26 - (-10 - 0).
-7
Calculate 9 + -11 - (-3 + -1).
2
What is -2 - -9 - (2 + -3 + 4)?
4
What is the value of 2 + -3 + (4 - 3) + -1?
-1
What is (7 - 9) + 6 - 6?
-2
-7 + (-3 - -7) - (0 + 1)
-4
Evaluate -15 + 6 - -14 - 10.
-5
Calculate 5 + (2 - 10 - (-5 - 4)).
6
What is the value of 1 - (1 + -4 - 1)?
5
What is the value of 16 + (1 - -2) + (78 - 87)?
10
What is the value of 2 + -7 + (-2 - (-4 - 0))?
-3
(-2 - 1) + -1 + 2 - -1
-1
Calculate 0 - (3 - 0) - -4.
1
-1 - (4 + -1 - (2 - 0))
-2
What is the value of 4 - (9 - (4 + 2))?
1
Evaluate (3 - 0) + 0 + -2.
1
What is the value of 0 + (-6 - -6) + 3?
3
What is (1 - 0 - (3 - 5)) + 1?
4
0 - (-2 + 7 + -2 - 0)
-3
What is 4 - (-6 + 2) - 9?
-1
What is (-1 - 5) + 18 + (-28 - -17)?
1
What is -8 - (4 - (4 - -2))?
-6
Evaluate 4 + 2 + -6 + 4.
4
1 - (-4 + (4 - -1)) - 0
0
-8 + (2 + 2 - 1)
-5
Evaluate 2 - (6 + -3 + 0).
-1
8 + -5 + 8 + -5
6
Calculate -6 + 11 - (-3 + 2 - 0).
6
Calculate -7 + -3 + -2 + 5 + 3.
-4
Calculate (-1 - -6) + -7 + 9.
7
Calculate 3 + -7 + (8 - 4).
0
6 - (-5 - -5) - 9
-3
Calculate (-11 - (6 - 11)) + 1.
-5
Evaluate (-1 - 3) + 0 + 4.
0
What is -11 - (-38 + 13 + 12)?
2
What is (3 - 6) + 3 + -3 + 8?
5
Evaluate -12 + (-2 + 11 - 2).
-5
9 - (14 + 8 + -16)
3
What is -4 - (-8 - (1 + -12 + 6))?
-1
Evaluate (1 - 6) + (0 - -7).
2
Evaluate 4 + 5 - 2 - (1 - -4).
2
1 + (-2 + -3 - -2)
-2
Calculate 4 + -7 + 0 - -3.
0
0 + (6 - ((-1 - -1) + 3))
3
Evaluate (-3 - 0) + (14 + -3 - 6).
2
Calculate 3 - 5 - (-3 + 3).
-2
What is the value of -5 + (2 - 0) + 2?
-1
Evaluate 4 + -1 + (-7 - (9 - 13)).
0
Calculate -2 + (-2 - -10) + -1.
5
What is 11 + -5 + 2 - (6 - 2)?
4
(-10 + 12 - 1) + 4
5
What is the value of -4 + 4 + (5 - 3)?
2
(-17 - (-9 - 1)) + (2 - -1)
-4
What is the value of 2 - (-6 + -1 + 3 + 3)?
3
What is the value of 2 + -1 - (-1 + 0 + 0)?
2
(-5 - (-3 + 0) - 1) + 7
4
Evaluate 1 - (-3 + 9 - 5 - 6).
6
Calculate 2 + 2 - (-8 + 16).
-4
(-11 + 5 + 4 - -14) + -5
7
Evaluate (-6 - 3) + 2 + 12.
5
Evaluate (5 - 8) + (-16 - -22).
3
-24 + 21 - (1 - (-1 - -1))
-4
Calculate (2 - 1 - -3) + -1 - 7.
-4
Calculate 1 - -6 - (28 + -22).
1
-6 - ((3 - 4) + -1)
-4
Evaluate (-4 - -9 - -6) + -6 + 2.
7
Evaluate 1 - ((-3 - 2) + 7).
-1
What is the value of 3 + -1 - (-7 - -4)?
5
Evaluate (-4 - -1 - -2) + -1 + -2.
-4
Evaluate -5 - (12 + -11 + -12).
6
Evaluate -2 + 1 + 2 + -1.
0
Evaluate (10 - 10) + (-2 - -2).
0
-6 - ((-13 + 0 - -5) + 2)
0
What is (-7 - -3) + 3 - -8?
7
Evaluate 2 - (-3 + 0 + (5 - -2)).
-2
What is the value of 1 - 0 - 16 - (-78 + 71)?
-8
What is -2 + -2 + (-3 - (-5 - 2))?
0
What is 9 + -7 + (1 - -2)?
5
What is -2 + -2 + (-2 - (1 - 1))?
-6
Calculate -5 - (-1 + -6 + 8 + -2).
-4
Calculate ((-1 - -5) + 5 - 5) + -4.
0
What is the value of -5 + (-4 - -5) - (-6 - 2)?
4
(-10 - -1) + -38 + 45
-2
Evaluate 13 + -14 + (-3 - -3) + -1.
-2
Calculate -5 + (6 - -2) - 1.
2
Calculate 2 + -5 + 4 + 5 + -6.
0
What is the value of (-4 - -3 - -2) + -3 - 0?
-2
Calculate 11 - 5 - (8 + -4).
2
Evaluate 4 - 2 - (-10 - -9) - 1.
2
Evaluate (-2 - 3 - -5 - 3) + 5.
2
-3 - (-2 - 4 - 1) - 6
-2
What is 9 - (12 + 4 + -9)?
2
Calculate (-9 - -2) + (-24 - -36).
5
What is -6 + 9 + 3 + -14 + 7?
-1
What is -8 + 0 + 4 + (1 - 2)?
-5
What is the value of -10 - (-2 + 15 + -22)?
-1
-6 - (-1 - ((-5 - -2) + 4))
-4
What is the value of 0 + 1 + (-11 + 4 - -7)?
1
What is the value of (-2 - (-1 + -2)) + (1 - -1)?
3
What is the value of -4 + -1 + 8 + 2?
5
What is the value of -3 - (-2 - 2) - -6 - 1?
6
Evaluate 5 + (7 - 1 - (-17 + 22)).
6
Calculate 12 + (-7 - (9 - 7)).
3
-1 + -4 + -1 + 2
-4
Calculate 42 + -43 - (0 + 1).
-2
Evaluate -1 + (0 - (-2 - -2)).
-1
What is the value of 3 - (-2 + 9 + 0)?
-4
Evaluate -1 - 3 - -1 - (1 + -3).
-1
Evaluate 0 - (-5 - (4 - (-1 - -5))).
5
What is the value of (1 - (-11 + 5 + 0)) + -7?
0
What is (-1 - (-4 + 4)) + 2 - -1?
2
Calculate 4 - 8 - -5 - 0.
1
What is the value of (-3 + 9 - 6) + -6 - -6?
0
What is the value of 0 - ((2 - 3) + 0)?
1
What is the value of -1 - -2 - (1 + (10 - 5))?
-5
What is 1 - 9 - (-10 - (-2 - 2))?
-2
Evaluate 1 - -4 - (-8 + 1 - -9).
3
-3 - (-5 + 10 - 5)
-3
15 - 9 - (6 + 0) - -4
4
Evaluate 8 + -17 - (-5 + -1).
-3
3 + 2 + -8 - -10
7
What is the value of -3 + -9 - (-35 + 16)?
7
0 + -5 + 2 + (1 - 1)
-3
(9 - 2 - 3) + (-3 - 0)
1
What is th